or of 2220 and 636.
12
What is the greatest common divisor of 15168 and 576?
192
Calculate the greatest common factor of 8704 and 488512.
1088
What is the greatest common divisor of 246 and 157809?
123
What is the highest common divisor of 3685 and 405?
5
What is the highest common divisor of 986 and 10730?
58
What is the highest common factor of 3679819 and 143?
143
What is the highest common factor of 233049 and 655?
131
Calculate the greatest common factor of 2296 and 33784.
328
Calculate the greatest common factor of 87660 and 1530.
90
Calculate the greatest common factor of 195193 and 1.
1
What is the highest common divisor of 732 and 9836?
4
What is the greatest common divisor of 865 and 97399?
173
Calculate the highest common factor of 231769 and 2597.
53
What is the highest common factor of 110755 and 170?
85
What is the greatest common divisor of 139 and 162?
1
What is the greatest common factor of 11 and 88979?
11
What is the highest common divisor of 16 and 346512?
16
What is the highest common factor of 14 and 1436?
2
What is the highest common divisor of 392 and 689822?
98
What is the highest common divisor of 288 and 2574?
18
What is the greatest common factor of 189 and 3387069?
189
Calculate the highest common factor of 218161 and 1517.
41
Calculate the highest common factor of 15 and 2544970.
5
Calculate the highest common divisor of 3536 and 29291.
17
Calculate the highest common divisor of 345062 and 34.
2
What is the highest common factor of 8732 and 5723?
59
What is the greatest common divisor of 2710 and 1849846?
542
What is the greatest common factor of 43553 and 1067?
97
What is the greatest common divisor of 108148 and 4?
4
What is the highest common factor of 111 and 6401?
37
Calculate the greatest common divisor of 26030 and 30.
10
Calculate the highest common divisor of 1029770 and 70.
70
Calculate the highest common factor of 1854 and 14094.
18
What is the greatest common divisor of 11797 and 94?
47
Calculate the highest common factor of 795 and 16875.
15
What is the highest common factor of 390 and 1770?
30
Calculate the greatest common factor of 6250 and 5050.
50
Calculate the highest common divisor of 3783 and 1023447.
291
Calculate the greatest common divisor of 19812 and 312.
156
What is the highest common divisor of 29 and 15607?
1
Calculate the highest common divisor of 943 and 38686.
23
Calculate the greatest common divisor of 132280 and 120.
40
What is the greatest common divisor of 1359981 and 441?
63
What is the highest common factor of 962688 and 276?
276
What is the highest common factor of 319510 and 4?
2
Calculate the highest common factor of 9104 and 792.
8
What is the greatest common divisor of 104 and 16237?
13
Calculate the greatest common divisor of 10 and 182162.
2
Calculate the greatest common factor of 398223 and 21.
21
Calculate the greatest common divisor of 4725 and 24605.
35
What is the highest common divisor of 852 and 378?
6
Calculate the highest common divisor of 259 and 9667.
7
Calculate the highest common factor of 47508 and 888.
444
Calculate the greatest common divisor of 1412 and 391477.
353
Calculate the highest common divisor of 57849 and 33.
33
What is the highest common divisor of 6 and 25842?
6
Calculate the highest common divisor of 1044923 and 11.
11
What is the highest common divisor of 2985 and 255?
15
Calculate the greatest common factor of 2880 and 72288.
288
Calculate the highest common divisor of 126 and 412573.
7
What is the greatest common divisor of 310429 and 427?
427
What is the greatest common divisor of 161576 and 342?
38
What is the highest common factor of 6030 and 6?
6
Calculate the greatest common divisor of 731 and 1037.
17
Calculate the greatest common divisor of 46 and 221398.
46
What is the highest common factor of 286 and 65780?
286
Calculate the greatest common divisor of 72318 and 102.
102
Calculate the highest common divisor of 1075716 and 18.
18
Calculate the greatest common divisor of 9454 and 1276.
58
What is the highest common divisor of 2867 and 94?
47
Calculate the highest common factor of 44696 and 18056.
296
Calculate the greatest common factor of 11147 and 1099.
157
Calculate the greatest common factor of 52 and 34492.
4
What is the greatest common factor of 780 and 533?
13
Calculate the greatest common divisor of 264 and 3176.
8
What is the highest common factor of 685 and 11735?
5
Calculate the highest common divisor of 25311 and 26.
13
What is the highest common factor of 478584 and 391?
391
What is the highest common divisor of 8947 and 92?
23
Calculate the highest common factor of 32 and 984112.
16
Calculate the highest common divisor of 1303 and 2385793.
1303
Calculate the greatest common factor of 5400 and 378.
54
Calculate the highest common divisor of 59818 and 110.
22
What is the highest common divisor of 8928 and 5301?
279
Calculate the greatest common divisor of 815 and 395.
5
What is the greatest common factor of 21774 and 2109?
57
Calculate the greatest common divisor of 1023 and 2604.
93
Calculate the greatest common factor of 566749 and 4829.
439
Calculate the highest common divisor of 136 and 514148.
68
What is the greatest common divisor of 1872 and 3888?
144
Calculate the greatest common divisor of 62730 and 6027.
123
What is the greatest common factor of 128 and 1744192?
64
Calculate the greatest common divisor of 2453 and 1199.
11
What is the highest common factor of 26522 and 6230?
178
What is the greatest common divisor of 18550 and 2450?
350
Calculate the greatest common divisor of 336 and 21125328.
336
Calculate the greatest common factor of 777 and 189.
21
Calculate the highest common divisor of 19425 and 15225.
525
What is the highest common divisor of 36 and 5928?
12
Calculate the highest common divisor of 543226 and 1316.
94
What is the greatest common factor of 45300 and 35636?
604
Calculate the greatest common divisor of 1128 and 6199112.
376
Calculate the highest common divisor of 91674 and 1947.
33
What is the greatest common divisor of 7929 and 9?
9
Calculate the highest common factor of 4858 and 29456.
14
What is the greatest common factor of 46521 and 135?
27
What is the greatest common divisor of 256 and 1964?
4
What is the greatest common divisor of 120 and 40330?
10
Calculate the highest common divisor of 4361 and 3382.
89
What is the highest common factor of 2735 and 150?
5
What is the highest common factor of 1311 and 187872?
57
Calculate the greatest common divisor of 8307 and 18957.
213
What is the greatest common divisor of 352 and 352088?
88
Calculate the greatest common factor of 2345 and 54873.
469
What is the greatest common factor of 21838 and 22196?
358
Calculate the greatest common factor of 427780 and 5274.
586
What is the highest common divisor of 180 and 16308?
36
Calculate the highest common divisor of 116 and 97817.
29
Calculate the highest common divisor of 22 and 1004674.
22
Calculate the greatest common factor of 42850 and 1000.
50
Calculate the highest common factor of 88 and 20746.
22
Calculate the greatest common divisor of 1120525 and 475.
475
Calculate the greatest common factor of 344 and 43258.
86
Calculate the greatest common divisor of 60 and 236710.
10
Calculate the greatest common divisor of 232 and 6583.
29
What is the greatest common divisor of 15589 and 357?
119
What is the greatest common divisor of 8190 and 1856673?
819
What is the highest common divisor of 83 and 3946069?
83
Calculate the highest common factor of 162 and 1145583.
81
Calculate the highest common divisor of 4018 and 3528.
98
What is the highest common divisor of 10010 and 24430?
70
What is the greatest common divisor of 276 and 146924?
92
What is the greatest common divisor of 89 and 2160297?
89
What is the greatest common factor of 6103 and 12565?
359
What is the greatest common factor of 567 and 282429?
63
Calculate the highest common divisor of 3 and 715773.
3
What is the highest common divisor of 4282 and 2678391?
2141
What is the greatest common divisor of 5282829 and 9?
9
What is the greatest common divisor of 814408 and 7?
7
Calculate the highest common divisor of 1749 and 31251.
33
Calculate the greatest common divisor of 139266 and 282.
6
What is the greatest common factor of 25542 and 1